{"id":19,"date":"2024-09-12T18:53:59","date_gmt":"2024-09-12T16:53:59","guid":{"rendered":"https:\/\/agencebnbreizh.fr\/?page_id=19"},"modified":"2025-08-22T14:25:41","modified_gmt":"2025-08-22T12:25:41","slug":"mentions-legales","status":"publish","type":"page","link":"https:\/\/agencebnbreizh.betterwithpepper.com\/index.php\/mentions-legales\/","title":{"rendered":"Mentions l\u00e9gales"},"content":{"rendered":"\t\t<div data-elementor-type=\"wp-page\" data-elementor-id=\"19\" class=\"elementor elementor-19\">\n\t\t\t\t<div class=\"elementor-element elementor-element-c597fc5 e-con-full e-flex e-con e-parent\" data-id=\"c597fc5\" data-element_type=\"container\" data-settings=\"{&quot;background_background&quot;:&quot;classic&quot;}\">\n\t\t<div class=\"elementor-element elementor-element-a93d75d e-con-full e-flex e-con e-child\" data-id=\"a93d75d\" data-element_type=\"container\">\n\t\t\t\t<div class=\"elementor-element elementor-element-481a0a4 elementor-widget elementor-widget-heading\" data-id=\"481a0a4\" data-element_type=\"widget\" data-widget_type=\"heading.default\">\n\t\t\t\t<div class=\"elementor-widget-container\">\n\t\t\t\t\t<h1 class=\"elementor-heading-title elementor-size-default\">MENTIONS L\u00c9GALES<\/h1>\t\t\t\t<\/div>\n\t\t\t\t<\/div>\n\t\t\t\t<\/div>\n\t\t\t\t<\/div>\n\t\t<div class=\"elementor-element elementor-element-8ba52e2 e-con-full e-flex e-con e-parent\" data-id=\"8ba52e2\" data-element_type=\"container\">\n\t\t<div class=\"elementor-element elementor-element-04f89e3 e-con-full e-flex e-con e-child\" data-id=\"04f89e3\" data-element_type=\"container\">\n\t\t\t\t<div class=\"elementor-element elementor-element-f77bc8f elementor-widget elementor-widget-heading\" data-id=\"f77bc8f\" data-element_type=\"widget\" data-widget_type=\"heading.default\">\n\t\t\t\t<div class=\"elementor-widget-container\">\n\t\t\t\t\t<h2 class=\"elementor-heading-title elementor-size-default\">URL du site<\/h2>\t\t\t\t<\/div>\n\t\t\t\t<\/div>\n\t\t\t\t<div class=\"elementor-element elementor-element-4cba459 elementor-widget elementor-widget-text-editor\" data-id=\"4cba459\" data-element_type=\"widget\" data-widget_type=\"text-editor.default\">\n\t\t\t\t<div class=\"elementor-widget-container\">\n\t\t\t\t\t\t\t\t\t<p>agencebnbreizh.fr<\/p>\t\t\t\t\t\t\t\t<\/div>\n\t\t\t\t<\/div>\n\t\t\t\t<div class=\"elementor-element elementor-element-6728732 elementor-widget elementor-widget-heading\" data-id=\"6728732\" data-element_type=\"widget\" data-widget_type=\"heading.default\">\n\t\t\t\t<div class=\"elementor-widget-container\">\n\t\t\t\t\t<h2 class=\"elementor-heading-title elementor-size-default\">Contact<\/h2>\t\t\t\t<\/div>\n\t\t\t\t<\/div>\n\t\t\t\t<div class=\"elementor-element elementor-element-50d1c51 elementor-widget elementor-widget-text-editor\" data-id=\"50d1c51\" data-element_type=\"widget\" data-widget_type=\"text-editor.default\">\n\t\t\t\t<div class=\"elementor-widget-container\">\n\t\t\t\t\t\t\t\t\t<p>Courrier \u00e9lectronique<br \/>agencebnbreizh@gmail.com<br \/>Directeur de la publication<br \/>Monsieur Arthur Bertier<\/p>\t\t\t\t\t\t\t\t<\/div>\n\t\t\t\t<\/div>\n\t\t\t\t<div class=\"elementor-element elementor-element-b2b8a32 elementor-widget elementor-widget-heading\" data-id=\"b2b8a32\" data-element_type=\"widget\" data-widget_type=\"heading.default\">\n\t\t\t\t<div class=\"elementor-widget-container\">\n\t\t\t\t\t<h2 class=\"elementor-heading-title elementor-size-default\">Editeur<\/h2>\t\t\t\t<\/div>\n\t\t\t\t<\/div>\n\t\t\t\t<div class=\"elementor-element elementor-element-e633ebb elementor-widget elementor-widget-text-editor\" data-id=\"e633ebb\" data-element_type=\"widget\" data-widget_type=\"text-editor.default\">\n\t\t\t\t<div class=\"elementor-widget-container\">\n\t\t\t\t\t\t\t\t\t<p>La soci\u00e9t\u00e9 BnBreizh, Micro Entreprise dont le si\u00e8ge social est au 11 Rue le Dantec 35200 RENNES, immatricul\u00e9e au Registre du Commerce et des Soci\u00e9t\u00e9s de RENNES sous le num\u00e9ro 984070615, repr\u00e9sent\u00e9e par Monsieur Arthur Bertier, en sa qualit\u00e9 de Pr\u00e9sident.<br \/>N\u00b0 TVA FR76984070615<\/p>\t\t\t\t\t\t\t\t<\/div>\n\t\t\t\t<\/div>\n\t\t\t\t<div class=\"elementor-element elementor-element-6a3ddb1 elementor-widget elementor-widget-heading\" data-id=\"6a3ddb1\" data-element_type=\"widget\" data-widget_type=\"heading.default\">\n\t\t\t\t<div class=\"elementor-widget-container\">\n\t\t\t\t\t<h2 class=\"elementor-heading-title elementor-size-default\">H\u00e9bergeur<\/h2>\t\t\t\t<\/div>\n\t\t\t\t<\/div>\n\t\t\t\t<div class=\"elementor-element elementor-element-b867cfd elementor-widget elementor-widget-text-editor\" data-id=\"b867cfd\" data-element_type=\"widget\" data-widget_type=\"text-editor.default\">\n\t\t\t\t<div class=\"elementor-widget-container\">\n\t\t\t\t\t\t\t\t\t<p>Squarespace Ireland Limited<br \/>Squarespace House<br \/>Ship Street Great<br \/>Dublin 8 Irlande D08 N12C<br \/><br \/>Squarespace Ireland Limited est une soci\u00e9t\u00e9 \u00e0 responsabilit\u00e9 limit\u00e9e par actions qui d\u00e9pend de la l\u00e9gislation irlandaise et dont le num\u00e9ro d\u2019immatriculation est le 527641.<\/p>\t\t\t\t\t\t\t\t<\/div>\n\t\t\t\t<\/div>\n\t\t\t\t<div class=\"elementor-element elementor-element-cad31bb elementor-widget elementor-widget-heading\" data-id=\"cad31bb\" data-element_type=\"widget\" data-widget_type=\"heading.default\">\n\t\t\t\t<div class=\"elementor-widget-container\">\n\t\t\t\t\t<h2 class=\"elementor-heading-title elementor-size-default\">Repr\u00e9sentants<\/h2>\t\t\t\t<\/div>\n\t\t\t\t<\/div>\n\t\t\t\t<div class=\"elementor-element elementor-element-502c356 elementor-widget elementor-widget-text-editor\" data-id=\"502c356\" data-element_type=\"widget\" data-widget_type=\"text-editor.default\">\n\t\t\t\t<div class=\"elementor-widget-container\">\n\t\t\t\t\t\t\t\t\t<p>Colm MacCarvill &#8211; Directeur et secr\u00e9taire g\u00e9n\u00e9ral<br \/>Courtenay O\u2019Connor &#8211; Directrice<\/p>\t\t\t\t\t\t\t\t<\/div>\n\t\t\t\t<\/div>\n\t\t\t\t<\/div>\n\t\t\t\t<\/div>\n\t\t\t\t<\/div>\n\t\t","protected":false},"excerpt":{"rendered":"<p>MENTIONS L\u00c9GALES URL du site agencebnbreizh.fr Contact Courrier \u00e9lectroniqueagencebnbreizh@gmail.comDirecteur de la publicationMonsieur Arthur Bertier Editeur La soci\u00e9t\u00e9 BnBreizh, Micro Entreprise dont le si\u00e8ge social est au 11 Rue le Dantec 35200 RENNES, immatricul\u00e9e au Registre du Commerce et des Soci\u00e9t\u00e9s de RENNES sous le num\u00e9ro 984070615, repr\u00e9sent\u00e9e par Monsieur Arthur Bertier, en sa qualit\u00e9 de [&hellip;]<\/p>\n","protected":false},"author":1,"featured_media":0,"parent":0,"menu_order":0,"comment_status":"closed","ping_status":"closed","template":"","meta":{"footnotes":""},"class_list":["post-19","page","type-page","status-publish","hentry"],"yoast_head":"<!-- This site is optimized with the Yoast SEO plugin v24.0 - https:\/\/yoast.com\/wordpress\/plugins\/seo\/ -->\n<title>Mentions l\u00e9gales -<\/title>\n<meta name=\"robots\" content=\"noindex, follow, max-snippet:-1, max-image-preview:large, max-video-preview:-1\" \/>\n<meta property=\"og:locale\" content=\"fr_FR\" \/>\n<meta property=\"og:type\" content=\"article\" \/>\n<meta property=\"og:title\" content=\"Mentions l\u00e9gales -\" \/>\n<meta property=\"og:description\" content=\"MENTIONS L\u00c9GALES URL du site agencebnbreizh.fr Contact Courrier \u00e9lectroniqueagencebnbreizh@gmail.comDirecteur de la publicationMonsieur Arthur Bertier Editeur La soci\u00e9t\u00e9 BnBreizh, Micro Entreprise dont le si\u00e8ge social est au 11 Rue le Dantec 35200 RENNES, immatricul\u00e9e au Registre du Commerce et des Soci\u00e9t\u00e9s de RENNES sous le num\u00e9ro 984070615, repr\u00e9sent\u00e9e par Monsieur Arthur Bertier, en sa qualit\u00e9 de [&hellip;]\" \/>\n<meta property=\"og:url\" content=\"https:\/\/agencebnbreizh.betterwithpepper.com\/index.php\/mentions-legales\/\" \/>\n<meta property=\"article:modified_time\" content=\"2025-08-22T12:25:41+00:00\" \/>\n<meta name=\"twitter:card\" content=\"summary_large_image\" \/>\n<meta name=\"twitter:label1\" content=\"Dur\u00e9e de lecture estim\u00e9e\" \/>\n\t<meta name=\"twitter:data1\" content=\"1 minute\" \/>\n<script type=\"application\/ld+json\" class=\"yoast-schema-graph\">{\"@context\":\"https:\/\/schema.org\",\"@graph\":[{\"@type\":\"WebPage\",\"@id\":\"https:\/\/agencebnbreizh.betterwithpepper.com\/index.php\/mentions-legales\/\",\"url\":\"https:\/\/agencebnbreizh.betterwithpepper.com\/index.php\/mentions-legales\/\",\"name\":\"Mentions l\u00e9gales -\",\"isPartOf\":{\"@id\":\"https:\/\/agencebnbreizh.betterwithpepper.com\/#website\"},\"datePublished\":\"2024-09-12T16:53:59+00:00\",\"dateModified\":\"2025-08-22T12:25:41+00:00\",\"breadcrumb\":{\"@id\":\"https:\/\/agencebnbreizh.betterwithpepper.com\/index.php\/mentions-legales\/#breadcrumb\"},\"inLanguage\":\"fr-FR\",\"potentialAction\":[{\"@type\":\"ReadAction\",\"target\":[\"https:\/\/agencebnbreizh.betterwithpepper.com\/index.php\/mentions-legales\/\"]}]},{\"@type\":\"BreadcrumbList\",\"@id\":\"https:\/\/agencebnbreizh.betterwithpepper.com\/index.php\/mentions-legales\/#breadcrumb\",\"itemListElement\":[{\"@type\":\"ListItem\",\"position\":1,\"name\":\"Accueil\",\"item\":\"https:\/\/agencebnbreizh.betterwithpepper.com\/\"},{\"@type\":\"ListItem\",\"position\":2,\"name\":\"Mentions l\u00e9gales\"}]},{\"@type\":\"WebSite\",\"@id\":\"https:\/\/agencebnbreizh.betterwithpepper.com\/#website\",\"url\":\"https:\/\/agencebnbreizh.betterwithpepper.com\/\",\"name\":\"\",\"description\":\"\",\"potentialAction\":[{\"@type\":\"SearchAction\",\"target\":{\"@type\":\"EntryPoint\",\"urlTemplate\":\"https:\/\/agencebnbreizh.betterwithpepper.com\/?s={search_term_string}\"},\"query-input\":{\"@type\":\"PropertyValueSpecification\",\"valueRequired\":true,\"valueName\":\"search_term_string\"}}],\"inLanguage\":\"fr-FR\"}]}<\/script>\n<!-- \/ Yoast SEO plugin. -->","yoast_head_json":{"title":"Mentions l\u00e9gales -","robots":{"index":"noindex","follow":"follow","max-snippet":"max-snippet:-1","max-image-preview":"max-image-preview:large","max-video-preview":"max-video-preview:-1"},"og_locale":"fr_FR","og_type":"article","og_title":"Mentions l\u00e9gales -","og_description":"MENTIONS L\u00c9GALES URL du site agencebnbreizh.fr Contact Courrier \u00e9lectroniqueagencebnbreizh@gmail.comDirecteur de la publicationMonsieur Arthur Bertier Editeur La soci\u00e9t\u00e9 BnBreizh, Micro Entreprise dont le si\u00e8ge social est au 11 Rue le Dantec 35200 RENNES, immatricul\u00e9e au Registre du Commerce et des Soci\u00e9t\u00e9s de RENNES sous le num\u00e9ro 984070615, repr\u00e9sent\u00e9e par Monsieur Arthur Bertier, en sa qualit\u00e9 de [&hellip;]","og_url":"https:\/\/agencebnbreizh.betterwithpepper.com\/index.php\/mentions-legales\/","article_modified_time":"2025-08-22T12:25:41+00:00","twitter_card":"summary_large_image","twitter_misc":{"Dur\u00e9e de lecture estim\u00e9e":"1 minute"},"schema":{"@context":"https:\/\/schema.org","@graph":[{"@type":"WebPage","@id":"https:\/\/agencebnbreizh.betterwithpepper.com\/index.php\/mentions-legales\/","url":"https:\/\/agencebnbreizh.betterwithpepper.com\/index.php\/mentions-legales\/","name":"Mentions l\u00e9gales -","isPartOf":{"@id":"https:\/\/agencebnbreizh.betterwithpepper.com\/#website"},"datePublished":"2024-09-12T16:53:59+00:00","dateModified":"2025-08-22T12:25:41+00:00","breadcrumb":{"@id":"https:\/\/agencebnbreizh.betterwithpepper.com\/index.php\/mentions-legales\/#breadcrumb"},"inLanguage":"fr-FR","potentialAction":[{"@type":"ReadAction","target":["https:\/\/agencebnbreizh.betterwithpepper.com\/index.php\/mentions-legales\/"]}]},{"@type":"BreadcrumbList","@id":"https:\/\/agencebnbreizh.betterwithpepper.com\/index.php\/mentions-legales\/#breadcrumb","itemListElement":[{"@type":"ListItem","position":1,"name":"Accueil","item":"https:\/\/agencebnbreizh.betterwithpepper.com\/"},{"@type":"ListItem","position":2,"name":"Mentions l\u00e9gales"}]},{"@type":"WebSite","@id":"https:\/\/agencebnbreizh.betterwithpepper.com\/#website","url":"https:\/\/agencebnbreizh.betterwithpepper.com\/","name":"","description":"","potentialAction":[{"@type":"SearchAction","target":{"@type":"EntryPoint","urlTemplate":"https:\/\/agencebnbreizh.betterwithpepper.com\/?s={search_term_string}"},"query-input":{"@type":"PropertyValueSpecification","valueRequired":true,"valueName":"search_term_string"}}],"inLanguage":"fr-FR"}]}},"_links":{"self":[{"href":"https:\/\/agencebnbreizh.betterwithpepper.com\/index.php\/wp-json\/wp\/v2\/pages\/19","targetHints":{"allow":["GET"]}}],"collection":[{"href":"https:\/\/agencebnbreizh.betterwithpepper.com\/index.php\/wp-json\/wp\/v2\/pages"}],"about":[{"href":"https:\/\/agencebnbreizh.betterwithpepper.com\/index.php\/wp-json\/wp\/v2\/types\/page"}],"author":[{"embeddable":true,"href":"https:\/\/agencebnbreizh.betterwithpepper.com\/index.php\/wp-json\/wp\/v2\/users\/1"}],"replies":[{"embeddable":true,"href":"https:\/\/agencebnbreizh.betterwithpepper.com\/index.php\/wp-json\/wp\/v2\/comments?post=19"}],"version-history":[{"count":55,"href":"https:\/\/agencebnbreizh.betterwithpepper.com\/index.php\/wp-json\/wp\/v2\/pages\/19\/revisions"}],"predecessor-version":[{"id":3836,"href":"https:\/\/agencebnbreizh.betterwithpepper.com\/index.php\/wp-json\/wp\/v2\/pages\/19\/revisions\/3836"}],"wp:attachment":[{"href":"https:\/\/agencebnbreizh.betterwithpepper.com\/index.php\/wp-json\/wp\/v2\/media?parent=19"}],"curies":[{"name":"wp","href":"https:\/\/api.w.org\/{rel}","templated":true}]}}